*j**3 + 2*j**2 + 2*j - 2. Let u be d(2). Suppose 0 = 2*r - 15 - 3. Let w = r + u. Calculate the highest common factor of w and 3.
3
Let i = 161 - 73. Suppose 6*j - 154 = -8*j. What is the highest common divisor of j and i?
11
Suppose -4*x - 31 - 289 = -2*d, -4*d = x - 658. Let f = d - 68. What is the greatest common factor of 24 and f?
24
Suppose 2*d = 2*u - 2, -9*d + 4*u = -8*d + 10. Calculate the greatest common divisor of 4 and d.
2
Let v(m) = m**3 + 18*m**2 - 2*m - 31. Let g be v(-18). Let y = 11 - -14. What is the greatest common divisor of g and y?
5
Let g(a) = 3*a**3. Let c be g(1). What is the highest common factor of 27 and c?
3
Let o(d) = -12*d - 46. Let b be o(-6). What is the greatest common factor of b and 117?
13
Let a(k) = -k**3 - 4*k**2 + 2. Let b be a(-4). Let x be b/3 - (-142)/3. Suppose -n = -2*n + x. Calculate the greatest common factor of n and 32.
16
Let q = -27 - -60. Calculate the greatest common divisor of 22 and q.
11
Suppose z - 5*z = -4*b, 5*z + b - 6 = 0. Suppose 3*c - c - r - 11 = 0, -4*r = 4*c - 4. Calculate the greatest common factor of z and c.
1
Suppose 4*u = u + 93. Calculate the highest common divisor of 93 and u.
31
Let u be (-1 - 0)/(3/(-15)). Suppose u*x - 20 = -0*x. What is the greatest common factor of x and 20?
4
Let y = 21 + 20. Suppose 5*x + y = 2*p, -p = -6*p - x + 62. What is the highest common divisor of p and 13?
13
Let w be (4/(-10) + 2)/((-2)/(-20)). Calculate the highest common factor of 288 and w.
16
Suppose 0 = -10*b + 5*b + 275. Calculate the greatest common divisor of 11 and b.
11
Let j be -1 - (1 - (7 + -1)). Suppose 0*a + 40 = j*a. Suppose 94 = 4*x - 66. Calculate the greatest common divisor of a and x.
10
Suppose 5*l = r + r - 37, -8 = l - r. Let n = l + 21. Suppose 2*s - 21 - 7 = 0. What is the greatest common factor of s and n?
14
Let b be (-39)/(-9) + 1/(-3). Let g(f) = 2*f**2 + 4. Let v be g(b). Calculate the greatest common divisor of 9 and v.
9
Let s be 1 - (1 - 14) - -2. Let r = -2 + s. Let w be (63/6)/((-3)/(-16)). Calculate the greatest common divisor of w and r.
14
Let c(j) = -j - 4. Let s be c(-9). Suppose -s*f = -3*k - 72, -3*k - 6 = -2*f + 30. What is the highest common divisor of 3 and f?
3
Suppose 43 = 3*k + 1. What is the greatest common divisor of k and 70?
14
Suppose 3 = w - 0. Suppose -v + 2 + 9 = w*o, 3*v = 4*o + 7. Calculate the greatest common factor of v and 1.
1
Suppose -4*i + 275 = -45. Suppose 0 = -8*u + 3*u + 2*l + 40, -4*l = -20. What is the greatest common factor of i and u?
10
Let w be (8/(-6))/((-2)/(-6)). Let u = 8 + w. Suppose -6*i + 347 = -2*i + 5*r, 0 = u*r + 4. Calculate the highest common divisor of 22 and i.
22
Let y be 5/(5*(-3)/(-75)). What is the greatest common factor of y and 200?
25
Let v = 10 + -4. Let c(p) = p**3 - 7*p**2 + 8*p - 1. Let n be c(v). Let f(r) = -76*r**3 - r. Let l be f(-1). Calculate the highest common divisor of n and l.
11
Let n(o) = -o**3 - 8*o**2 + 4*o + 11. Let b be n(-9). Calculate the greatest common factor of 8 and b.
8
Let r be (-3)/4 + (-525)/(-28). Let y = -133 + 331. What is the greatest common factor of y and r?
18
Let u be 2*-2 + (1 - -3). Let n be 1*(2 + (u - -3)). Calculate the greatest common factor of n and 25.
5
Suppose 5*z - 4 = 3*z. Suppose q - 2*s = -q, 0 = -5*q + 2*s + 12. Calculate the greatest common factor of z and q.
2
Let d(v) = -40*v - 5. Let k be d(-2). What is the greatest common factor of 60 and k?
15
Let j be 4*2 + 0 + 4. What is the highest common divisor of j and 108?
12
Let i = 102 - 97. What is the highest common factor of 95 and i?
5
Suppose -v + 0 = -32. What is the highest common factor of 64 and v?
32
Suppose i + 234 = 4*i. Calculate the greatest common factor of i and 195.
39
Let x be (-186)/(-4)*(-4)/6. Let k = 55 + x. Calculate the greatest common factor of k and 8.
8
Let q be (-6)/(-2)*4/3. Suppose 2*f - q = f. Suppose -17*c + 165 = -12*c - 5*x, 4*x + 104 = 3*c. What is the greatest common factor of c and f?
4
Suppose 0 = -2*b + 24 + 22. Calculate the highest common divisor of b and 46.
23
Let h = -45 + 63. What is the greatest common divisor of h and 36?
18
Let d be (-2 + (-16)/(-10))*(-240)/4. Calculate the greatest common factor of 4 and d.
4
Suppose 0 = -0*u + 5*u. Suppose u = f - 6*f + 10. What is the greatest common divisor of f and 8?
2
Let z = 1 + -3. Let j be 25/z*(2 - 4). What is the highest common divisor of 25 and j?
25
Let i be 5*(2 + (-14)/10). Suppose 4*d = -w - 16, 4*w + i*d - 5 = -w. What is the highest common factor of 20 and w?
4
Suppose 2*w = 288 + 152. Let z = 9 + 11. Calculate the highest common factor of z and w.
20
Let o = -21 - -34. Let l = -46 - -98. Calculate the greatest common factor of l and o.
13
Suppose 8*m - 83 = 237. Suppose 0 = -4*x - 2 + 234. Suppose -2 = -3*u + x. What is the highest common divisor of u and m?
20
Let d be (-132)/(-8) - 9/6. Calculate the highest common divisor of 75 and d.
15
Suppose -8 = -m - 3*m. Suppose 0 = -3*a + m*k + 4, -3*a - a - 2*k = -24. Let x(h) = -h + 2. Let n be x(0). What is the greatest common factor of n and a?
2
Let q(f) = f**2 + 2 - 3*f**2 + 5*f**2 - 2*f**2. Let z be q(4). What is the highest common factor of 12 and z?
6
Let f = 154 + -44. Let d = 194 - f. What is the highest common divisor of d and 12?
12
Let w = 525 - 360. What is the greatest common factor of w and 15?
15
Let s(w) = 3*w**2 - 17*w + 15. Let i be s(6). What is the greatest common factor of 3 and i?
3
Let u be (-9 - -1)/(4/(-6)). Let w = 33 - u. Calculate the greatest common factor of 126 and w.
21
Suppose 3*z - 231 = 147. What is the greatest common factor of 14 and z?
14
Let o(n) = n + 11. Let i be o(-9). Let u(m) = m**2 + 5*m + 2. Let t be u(-5). Let j = i + t. What is the highest common divisor of j and 6?
2
Let k = 2 - 0. What is the highest common factor of k and 2?
2
Let j(i) = -6*i - 36. Let a be j(-8). Suppose o - 87 - 85 = 0. Suppose q - 2*h - 88 = 0, -q - q = -2*h - o. What is the highest common factor of a and q?
12
Let w = 2 - 2. Suppose 0 = 5*f - u - 83, 5*f + 3*u - 71 = -w*f. What is the highest common divisor of f and 112?
16
Let d(g) = 10*g**2 + 4*g + 8. Let s be d(-2). What is the highest common divisor of s and 24?
8
Let s(i) = -i**2 + 14*i - 8. Let v be s(11). Calculate the highest common divisor of 100 and v.
25
Let v be (4 - (-39 - -5))*(-2)/(-4). What is the greatest common divisor of 133 and v?
19
Suppose 13*s - 16*s = 9. Let n = s + 8. What is the greatest common factor of n and 1?
1
Let d = -9 + 12. Calculate the highest common divisor of d and 9.
3
Let q(l) = l**2 - 9*l - 5. Let c be q(10). Suppose -4*k + 36 = 4*d, c*d - 15 - 70 = 5*k. Calculate the highest common divisor of 65 and d.
13
Suppose -4*m + 5*f = 22, 2 - 6 = 4*m + 4*f. Let l be (-12)/(1/m*3). What is the greatest common factor of 18 and l?
6
Let c be 30/4*20/6. What is the greatest common divisor of 25 and c?
25
Let d be (524/10)/((-8)/(-20)). Let v = -47 + d. Calculate the highest common divisor of v and 12.
12
Let a(z) = -9*z**2 - 3*z. Let q be a(-2). Let g be (10/(-15))/(4/q). What is the greatest common factor of 1 and g?
1
Suppose 4*d - 78 = 274. Let h be d/(-3)*(-36)/16. Calculate the highest common divisor of 44 and h.
22
Let i be (-2)/7 - (-174)/21. Let u(v) = 40*v**2 - 2*v - 1. Let f be u(-1). Let q be (f + 1 + -2)/1. What is the highest common divisor of i and q?
8
Let x(a) = a**2 - 5*a + 4. Suppose -5*h + 3 = -2. Let u be 6/8*12/h. Let r be x(u). Calculate the highest common divisor of r and 16.
8
Let s(t) = t**2 + 3*t - 7. Let k be s(5). Suppose k = 3*l - 0*l. Suppose 0 = 3*d - 37 - l. Calculate the greatest common factor of d and 24.
8
Let f = -2 + 4. Let r = -3 - -7. Let p be 4/(-3)*(-54)/r. What is the highest common divisor of f and p?
2
Let f be 2/(-2)*-12 + 4. What is the highest common divisor of 80 and f?
16
Let p be 3 - (-1 + -5) - 3. What is the highest common divisor of p and 12?
6
Suppose 0*w = 2*w - 120. Suppose 5*x = 76 - 16. Calculate the highest common factor of x and w.
12
Let d(g) = 2*g**2 + g - 1. Let p be 0 - 5/(-1) - 3. Let r be d(p). Suppose 0*z - 4*z = -24. What is the greatest common factor of z and r?
3
Let u = 8 - 8. Suppose 68 = -u*z + 4*z. What is the highest common divisor of 136 and z?
17
Suppose 165 = 4*x + 3*l